{"id":1061,"date":"2020-07-15T17:34:49","date_gmt":"2020-07-15T17:34:49","guid":{"rendered":"http:\/\/oscarpascasio.com\/oscar\/?page_id=1061"},"modified":"2026-03-10T17:59:37","modified_gmt":"2026-03-10T16:59:37","slug":"oscar","status":"publish","type":"page","link":"https:\/\/oscarpascasio.com\/oscar\/oscar\/","title":{"rendered":"Oscar"},"content":{"rendered":"<p>[et_pb_section fb_built=\u00bb1&#8243; disabled_on=\u00bboff|off|off\u00bb _builder_version=\u00bb4.2.2&#8243; background_image=\u00bbhttp:\/\/oscarpascasio.com\/oscar\/wp-content\/uploads\/2017\/01\/PORTADA.jpg\u00bb parallax=\u00bbon\u00bb parallax_method=\u00bboff\u00bb min_height=\u00bb641px\u00bb custom_padding=\u00bb||6px|||\u00bb][et_pb_row column_structure=\u00bb1_2,1_2&#8243; _builder_version=\u00bb4.2.2&#8243; hover_enabled=\u00bb0&#8243;][et_pb_column type=\u00bb1_2&#8243; _builder_version=\u00bb4.2.2&#8243;][et_pb_text _builder_version=\u00bb4.2.2&#8243; text_font=\u00bbTrebuchet||||||||\u00bb text_text_color=\u00bb#ffffff\u00bb text_font_size=\u00bb20px\u00bb header_3_font=\u00bbVerdana||||||||\u00bb header_4_font=\u00bbVerdana||||||||\u00bb header_4_line_height=\u00bb1.3em\u00bb background_color=\u00bb#000000&#8243; width=\u00bb100%\u00bb custom_margin=\u00bb|-317px||||\u00bb hover_enabled=\u00bb0&#8243; border_radii=\u00bbon|18px|18px|18px|18px\u00bb border_width_all=\u00bb11px\u00bb border_color_all=\u00bb#212121&#8243; text_text_shadow_horizontal_length__hover_enabled=\u00bbon|desktop\u00bb]<\/p>\n<div class=\"x_elementToProof\">\n<p><strong><\/strong><\/p>\n<p><strong>\u00a0\u00d3scar Pascasio Monz\u00f3n<\/strong>, profesor, pianista y compositor, termin\u00f3 sus estudios de Grado Superior en 1998, en el Conservatorio Superior de Santiago de Compostela.<\/p>\n<p>En mayo de 2013 sale a la luz su primer disco, \u00abLa ribera del Pisuerga\u00bb y en 2015 se produce su salto internacional pasando a formar parte de la red de artistas estadounidense Enlightened Piano Radio.<\/p>\n<p>En 2016 recibe en Los \u00c1ngeles el galard\u00f3n Akademia Music Awards en la categor\u00eda Mejor \u00c1lbum Instrumental.<\/p>\n<p>En 2017 sale al mercado su segundo disco \u201cSensaciones\u201d y muy pronto entra en las listas de Estados Unidos y Reino Unido llegando al puesto n\u00famero 2 en One World Music (UK), la lista m\u00e1s importante de Europa, permaneciendo durante 10 meses consecutivos en el TOP 100 de los mejores discos de New Age y m\u00fasica neocl\u00e1sica.<\/p>\n<p>En 2018 el disco \u201cSensaciones\u201d es nominado a \u201cMejor \u00e1lbum del a\u00f1o\u201d por Enlightened Piano Awards (USA) consiguiendo llegar a la final. Los 3 finalistas ofrecieron un concierto en la Berliner Philarmonie, sede de la Filarm\u00f3nica de Berl\u00edn.<\/p>\n<p>En 2019 consigui\u00f3 la medalla de bronce en los Global Music Awards (California) por su tema \u201cMagia\u201d. Compone adem\u00e1s un tema para la empresa catalana \u201cDigital mantenimientos\u201d, tema que se present\u00f3 en la Sala Gaud\u00ed de La Pedrera (Barcelona) y en el Casino de Madrid.<\/p>\n<p>En 2021 lanza su tercer \u00e1lbum con el sello discogr\u00e1fico ingl\u00e9s Frtyfve llegando a ser n\u00famero 1 europeo. Adem\u00e1s, su single \u201cWords\u201d llega al puesto n\u00famero 1 en OWM, la mejor lista europea y su tema \u201cSomething between you and me\u201d es nominado a mejor single del a\u00f1o.<\/p>\n<p>En 2023 recibe el premio ARCO Patrimonio por su labor compositora y abanderamiento de la villa de Aguilar de Campoo.<\/p>\n<p>En 2024 compone la banda sonora del documental \u201cARCA, Historia de un sue\u00f1o\u201d, con motivo del 30 aniversario del festival de artes de calle.<\/p>\n<p>En 2025 es elegido para participar en el Festival Piano City de Madrid y en el Festival Allegrissimo.<\/p>\n<p>Ha trabajado con sellos discogr\u00e1ficos de Estados Unidos, Australia, Reino Unido, Pa\u00edses Bajos y Alemania y su m\u00fasica es escuchada\u00a0 mensualmente por 300.000 personas en Spotify, siendo uno de los pianistas espa\u00f1oles m\u00e1s escuchados, habiendo alcanzado ya los 80 millones de\u00a0 reproducciones en todas las plataformas digitales.<\/p>\n<p>&nbsp;<\/p>\n<\/div>\n<p>&nbsp;<\/p>\n<p>[\/et_pb_text][\/et_pb_column][et_pb_column type=\u00bb1_2&#8243; _builder_version=\u00bb4.2.2&#8243;][\/et_pb_column][\/et_pb_row][\/et_pb_section]<\/p>\n","protected":false},"excerpt":{"rendered":"<p>[et_pb_section fb_built=\u00bb1&#8243; disabled_on=\u00bboff|off|off\u00bb _builder_version=\u00bb4.2.2&#8243; background_image=\u00bbhttp:\/\/oscarpascasio.com\/oscar\/wp-content\/uploads\/2017\/01\/PORTADA.jpg\u00bb parallax=\u00bbon\u00bb parallax_method=\u00bboff\u00bb min_height=\u00bb641px\u00bb custom_padding=\u00bb||6px|||\u00bb][et_pb_row column_structure=\u00bb1_2,1_2&#8243; _builder_version=\u00bb4.2.2&#8243; hover_enabled=\u00bb0&#8243;][et_pb_column type=\u00bb1_2&#8243; _builder_version=\u00bb4.2.2&#8243;][et_pb_text _builder_version=\u00bb4.2.2&#8243; text_font=\u00bbTrebuchet||||||||\u00bb text_text_color=\u00bb#ffffff\u00bb text_font_size=\u00bb20px\u00bb header_3_font=\u00bbVerdana||||||||\u00bb header_4_font=\u00bbVerdana||||||||\u00bb header_4_line_height=\u00bb1.3em\u00bb background_color=\u00bb#000000&#8243; width=\u00bb100%\u00bb custom_margin=\u00bb|-317px||||\u00bb hover_enabled=\u00bb0&#8243; border_radii=\u00bbon|18px|18px|18px|18px\u00bb border_width_all=\u00bb11px\u00bb border_color_all=\u00bb#212121&#8243; text_text_shadow_horizontal_length__hover_enabled=\u00bbon|desktop\u00bb] \u00a0\u00d3scar Pascasio Monz\u00f3n, profesor, pianista y compositor, termin\u00f3 sus estudios de Grado Superior en 1998, en el Conservatorio Superior de Santiago de Compostela. En mayo de [&hellip;]<\/p>\n","protected":false},"author":1,"featured_media":0,"parent":0,"menu_order":0,"comment_status":"closed","ping_status":"closed","template":"","meta":{"_et_pb_use_builder":"on","_et_pb_old_content":"","_et_gb_content_width":"","footnotes":""},"class_list":["post-1061","page","type-page","status-publish","hentry"],"yoast_head":"<!-- This site is optimized with the Yoast SEO plugin v25.1 - https:\/\/yoast.com\/wordpress\/plugins\/seo\/ -->\n<title>Oscar - Oscar Pascasio<\/title>\n<meta name=\"robots\" content=\"index, follow, max-snippet:-1, max-image-preview:large, max-video-preview:-1\" \/>\n<link rel=\"canonical\" href=\"https:\/\/oscarpascasio.com\/oscar\/oscar\/\" \/>\n<meta property=\"og:locale\" content=\"es_ES\" \/>\n<meta property=\"og:type\" content=\"article\" \/>\n<meta property=\"og:title\" content=\"Oscar - Oscar Pascasio\" \/>\n<meta property=\"og:description\" content=\"[et_pb_section fb_built=\u00bb1&#8243; disabled_on=\u00bboff|off|off\u00bb _builder_version=\u00bb4.2.2&#8243; background_image=\u00bbhttp:\/\/oscarpascasio.com\/oscar\/wp-content\/uploads\/2017\/01\/PORTADA.jpg\u00bb parallax=\u00bbon\u00bb parallax_method=\u00bboff\u00bb min_height=\u00bb641px\u00bb custom_padding=\u00bb||6px|||\u00bb][et_pb_row column_structure=\u00bb1_2,1_2&#8243; _builder_version=\u00bb4.2.2&#8243; hover_enabled=\u00bb0&#8243;][et_pb_column type=\u00bb1_2&#8243; _builder_version=\u00bb4.2.2&#8243;][et_pb_text _builder_version=\u00bb4.2.2&#8243; text_font=\u00bbTrebuchet||||||||\u00bb text_text_color=\u00bb#ffffff\u00bb text_font_size=\u00bb20px\u00bb header_3_font=\u00bbVerdana||||||||\u00bb header_4_font=\u00bbVerdana||||||||\u00bb header_4_line_height=\u00bb1.3em\u00bb background_color=\u00bb#000000&#8243; width=\u00bb100%\u00bb custom_margin=\u00bb|-317px||||\u00bb hover_enabled=\u00bb0&#8243; border_radii=\u00bbon|18px|18px|18px|18px\u00bb border_width_all=\u00bb11px\u00bb border_color_all=\u00bb#212121&#8243; text_text_shadow_horizontal_length__hover_enabled=\u00bbon|desktop\u00bb] \u00a0\u00d3scar Pascasio Monz\u00f3n, profesor, pianista y compositor, termin\u00f3 sus estudios de Grado Superior en 1998, en el Conservatorio Superior de Santiago de Compostela. En mayo de [&hellip;]\" \/>\n<meta property=\"og:url\" content=\"https:\/\/oscarpascasio.com\/oscar\/oscar\/\" \/>\n<meta property=\"og:site_name\" content=\"Oscar Pascasio\" \/>\n<meta property=\"article:modified_time\" content=\"2026-03-10T16:59:37+00:00\" \/>\n<meta name=\"twitter:card\" content=\"summary_large_image\" \/>\n<meta name=\"twitter:label1\" content=\"Tiempo de lectura\" \/>\n\t<meta name=\"twitter:data1\" content=\"3 minutos\" \/>\n<script type=\"application\/ld+json\" class=\"yoast-schema-graph\">{\"@context\":\"https:\/\/schema.org\",\"@graph\":[{\"@type\":\"WebPage\",\"@id\":\"https:\/\/oscarpascasio.com\/oscar\/oscar\/\",\"url\":\"https:\/\/oscarpascasio.com\/oscar\/oscar\/\",\"name\":\"Oscar - Oscar Pascasio\",\"isPartOf\":{\"@id\":\"https:\/\/oscarpascasio.com\/oscar\/#website\"},\"datePublished\":\"2020-07-15T17:34:49+00:00\",\"dateModified\":\"2026-03-10T16:59:37+00:00\",\"breadcrumb\":{\"@id\":\"https:\/\/oscarpascasio.com\/oscar\/oscar\/#breadcrumb\"},\"inLanguage\":\"es\",\"potentialAction\":[{\"@type\":\"ReadAction\",\"target\":[\"https:\/\/oscarpascasio.com\/oscar\/oscar\/\"]}]},{\"@type\":\"BreadcrumbList\",\"@id\":\"https:\/\/oscarpascasio.com\/oscar\/oscar\/#breadcrumb\",\"itemListElement\":[{\"@type\":\"ListItem\",\"position\":1,\"name\":\"Portada\",\"item\":\"https:\/\/oscarpascasio.com\/oscar\/\"},{\"@type\":\"ListItem\",\"position\":2,\"name\":\"Oscar\"}]},{\"@type\":\"WebSite\",\"@id\":\"https:\/\/oscarpascasio.com\/oscar\/#website\",\"url\":\"https:\/\/oscarpascasio.com\/oscar\/\",\"name\":\"Oscar Pascasio\",\"description\":\"\",\"potentialAction\":[{\"@type\":\"SearchAction\",\"target\":{\"@type\":\"EntryPoint\",\"urlTemplate\":\"https:\/\/oscarpascasio.com\/oscar\/?s={search_term_string}\"},\"query-input\":{\"@type\":\"PropertyValueSpecification\",\"valueRequired\":true,\"valueName\":\"search_term_string\"}}],\"inLanguage\":\"es\"}]}<\/script>\n<!-- \/ Yoast SEO plugin. -->","yoast_head_json":{"title":"Oscar - Oscar Pascasio","robots":{"index":"index","follow":"follow","max-snippet":"max-snippet:-1","max-image-preview":"max-image-preview:large","max-video-preview":"max-video-preview:-1"},"canonical":"https:\/\/oscarpascasio.com\/oscar\/oscar\/","og_locale":"es_ES","og_type":"article","og_title":"Oscar - Oscar Pascasio","og_description":"[et_pb_section fb_built=\u00bb1&#8243; disabled_on=\u00bboff|off|off\u00bb _builder_version=\u00bb4.2.2&#8243; background_image=\u00bbhttp:\/\/oscarpascasio.com\/oscar\/wp-content\/uploads\/2017\/01\/PORTADA.jpg\u00bb parallax=\u00bbon\u00bb parallax_method=\u00bboff\u00bb min_height=\u00bb641px\u00bb custom_padding=\u00bb||6px|||\u00bb][et_pb_row column_structure=\u00bb1_2,1_2&#8243; _builder_version=\u00bb4.2.2&#8243; hover_enabled=\u00bb0&#8243;][et_pb_column type=\u00bb1_2&#8243; _builder_version=\u00bb4.2.2&#8243;][et_pb_text _builder_version=\u00bb4.2.2&#8243; text_font=\u00bbTrebuchet||||||||\u00bb text_text_color=\u00bb#ffffff\u00bb text_font_size=\u00bb20px\u00bb header_3_font=\u00bbVerdana||||||||\u00bb header_4_font=\u00bbVerdana||||||||\u00bb header_4_line_height=\u00bb1.3em\u00bb background_color=\u00bb#000000&#8243; width=\u00bb100%\u00bb custom_margin=\u00bb|-317px||||\u00bb hover_enabled=\u00bb0&#8243; border_radii=\u00bbon|18px|18px|18px|18px\u00bb border_width_all=\u00bb11px\u00bb border_color_all=\u00bb#212121&#8243; text_text_shadow_horizontal_length__hover_enabled=\u00bbon|desktop\u00bb] \u00a0\u00d3scar Pascasio Monz\u00f3n, profesor, pianista y compositor, termin\u00f3 sus estudios de Grado Superior en 1998, en el Conservatorio Superior de Santiago de Compostela. En mayo de [&hellip;]","og_url":"https:\/\/oscarpascasio.com\/oscar\/oscar\/","og_site_name":"Oscar Pascasio","article_modified_time":"2026-03-10T16:59:37+00:00","twitter_card":"summary_large_image","twitter_misc":{"Tiempo de lectura":"3 minutos"},"schema":{"@context":"https:\/\/schema.org","@graph":[{"@type":"WebPage","@id":"https:\/\/oscarpascasio.com\/oscar\/oscar\/","url":"https:\/\/oscarpascasio.com\/oscar\/oscar\/","name":"Oscar - Oscar Pascasio","isPartOf":{"@id":"https:\/\/oscarpascasio.com\/oscar\/#website"},"datePublished":"2020-07-15T17:34:49+00:00","dateModified":"2026-03-10T16:59:37+00:00","breadcrumb":{"@id":"https:\/\/oscarpascasio.com\/oscar\/oscar\/#breadcrumb"},"inLanguage":"es","potentialAction":[{"@type":"ReadAction","target":["https:\/\/oscarpascasio.com\/oscar\/oscar\/"]}]},{"@type":"BreadcrumbList","@id":"https:\/\/oscarpascasio.com\/oscar\/oscar\/#breadcrumb","itemListElement":[{"@type":"ListItem","position":1,"name":"Portada","item":"https:\/\/oscarpascasio.com\/oscar\/"},{"@type":"ListItem","position":2,"name":"Oscar"}]},{"@type":"WebSite","@id":"https:\/\/oscarpascasio.com\/oscar\/#website","url":"https:\/\/oscarpascasio.com\/oscar\/","name":"Oscar Pascasio","description":"","potentialAction":[{"@type":"SearchAction","target":{"@type":"EntryPoint","urlTemplate":"https:\/\/oscarpascasio.com\/oscar\/?s={search_term_string}"},"query-input":{"@type":"PropertyValueSpecification","valueRequired":true,"valueName":"search_term_string"}}],"inLanguage":"es"}]}},"_links":{"self":[{"href":"https:\/\/oscarpascasio.com\/oscar\/wp-json\/wp\/v2\/pages\/1061","targetHints":{"allow":["GET"]}}],"collection":[{"href":"https:\/\/oscarpascasio.com\/oscar\/wp-json\/wp\/v2\/pages"}],"about":[{"href":"https:\/\/oscarpascasio.com\/oscar\/wp-json\/wp\/v2\/types\/page"}],"author":[{"embeddable":true,"href":"https:\/\/oscarpascasio.com\/oscar\/wp-json\/wp\/v2\/users\/1"}],"replies":[{"embeddable":true,"href":"https:\/\/oscarpascasio.com\/oscar\/wp-json\/wp\/v2\/comments?post=1061"}],"version-history":[{"count":21,"href":"https:\/\/oscarpascasio.com\/oscar\/wp-json\/wp\/v2\/pages\/1061\/revisions"}],"predecessor-version":[{"id":3836,"href":"https:\/\/oscarpascasio.com\/oscar\/wp-json\/wp\/v2\/pages\/1061\/revisions\/3836"}],"wp:attachment":[{"href":"https:\/\/oscarpascasio.com\/oscar\/wp-json\/wp\/v2\/media?parent=1061"}],"curies":[{"name":"wp","href":"https:\/\/api.w.org\/{rel}","templated":true}]}}

<p>[et_pb_section fb_built=»1&#8243; disabled_on=»off|off|off» _builder_version=»4.2.2&#8243; background_image=»http://oscarpascasio.com/oscar/wp-content/uploads/2017/01/PORTADA.jpg» parallax=»on» parallax_method=»off» min_height=»641px» custom_padding=»||6px|||»][et_pb_row column_structure=»1_2,1_2&#8243; _builder_version=»4.2.2&#8243; hover_enabled=»0&#8243;][et_pb_column type=»1_2&#8243; _builder_version=»4.2.2&#8243;][et_pb_text _builder_version=»4.2.2&#8243; text_font=»Trebuchet||||||||» text_text_color=»#ffffff» text_font_size=»20px» header_3_font=»Verdana||||||||» header_4_font=»Verdana||||||||» header_4_line_height=»1.3em» background_color=»#000000&#8243; width=»100%» custom_margin=»|-317px||||» hover_enabled=»0&#8243; border_radii=»on|18px|18px|18px|18px» border_width_all=»11px» border_color_all=»#212121&#8243; text_text_shadow_horizontal_length__hover_enabled=»on|desktop»]</p>
<div class="x_elementToProof">
<p><strong></strong></p>
<p><strong> Óscar Pascasio Monzón</strong>, profesor, pianista y compositor, terminó sus estudios de Grado Superior en 1998, en el Conservatorio Superior de Santiago de Compostela.</p>
<p>En mayo de 2013 sale a la luz su primer disco, «La ribera del Pisuerga» y en 2015 se produce su salto internacional pasando a formar parte de la red de artistas estadounidense Enlightened Piano Radio.</p>
<p>En 2016 recibe en Los Ángeles el galardón Akademia Music Awards en la categoría Mejor Álbum Instrumental.</p>
<p>En 2017 sale al mercado su segundo disco “Sensaciones” y muy pronto entra en las listas de Estados Unidos y Reino Unido llegando al puesto número 2 en One World Music (UK), la lista más importante de Europa, permaneciendo durante 10 meses consecutivos en el TOP 100 de los mejores discos de New Age y música neoclásica.</p>
<p>En 2018 el disco “Sensaciones” es nominado a “Mejor álbum del año” por Enlightened Piano Awards (USA) consiguiendo llegar a la final. Los 3 finalistas ofrecieron un concierto en la Berliner Philarmonie, sede de la Filarmónica de Berlín.</p>
<p>En 2019 consiguió la medalla de bronce en los Global Music Awards (California) por su tema “Magia”. Compone además un tema para la empresa catalana “Digital mantenimientos”, tema que se presentó en la Sala Gaudí de La Pedrera (Barcelona) y en el Casino de Madrid.</p>
<p>En 2021 lanza su tercer álbum con el sello discográfico inglés Frtyfve llegando a ser número 1 europeo. Además, su single “Words” llega al puesto número 1 en OWM, la mejor lista europea y su tema “Something between you and me” es nominado a mejor single del año.</p>
<p>En 2023 recibe el premio ARCO Patrimonio por su labor compositora y abanderamiento de la villa de Aguilar de Campoo.</p>
<p>En 2024 compone la banda sonora del documental “ARCA, Historia de un sueño”, con motivo del 30 aniversario del festival de artes de calle.</p>
<p>En 2025 es elegido para participar en el Festival Piano City de Madrid y en el Festival Allegrissimo.</p>
<p>Ha trabajado con sellos discográficos de Estados Unidos, Australia, Reino Unido, Países Bajos y Alemania y su música es escuchada  mensualmente por 300.000 personas en Spotify, siendo uno de los pianistas españoles más escuchados, habiendo alcanzado ya los 80 millones de  reproducciones en todas las plataformas digitales.</p>
<p>&nbsp;</p>
</div>
<p>&nbsp;</p>
<p>[/et_pb_text][/et_pb_column][et_pb_column type=»1_2&#8243; _builder_version=»4.2.2&#8243;][/et_pb_column][/et_pb_row][/et_pb_section]</p>

<p>[et_pb_section fb_built=»1&#8243; disabled_on=»off|off|off» _builder_version=»4.2.2&#8243; background_image=»http://oscarpascasio.com/oscar/wp-content/uploads/2017/01/PORTADA.jpg» parallax=»on» parallax_method=»off» min_height=»641px» custom_padding=»||6px|||»][et_pb_row column_structure=»1_2,1_2&#8243; _builder_version=»4.2.2&#8243; hover_enabled=»0&#8243;][et_pb_column type=»1_2&#8243; _builder_version=»4.2.2&#8243;][et_pb_text _builder_version=»4.2.2&#8243; text_font=»Trebuchet||||||||» text_text_color=»#ffffff» text_font_size=»20px» header_3_font=»Verdana||||||||» header_4_font=»Verdana||||||||» header_4_line_height=»1.3em» background_color=»#000000&#8243; width=»100%» custom_margin=»|-317px||||» hover_enabled=»0&#8243; border_radii=»on|18px|18px|18px|18px» border_width_all=»11px» border_color_all=»#212121&#8243; text_text_shadow_horizontal_length__hover_enabled=»on|desktop»]  Óscar Pascasio Monzón, profesor, pianista y compositor, terminó sus estudios de Grado Superior en 1998, en el Conservatorio Superior de Santiago de Compostela. En mayo de [&hellip;]</p>

<!-- This site is optimized with the Yoast SEO plugin v25.1 - https://yoast.com/wordpress/plugins/seo/ -->
<title>Oscar - Oscar Pascasio</title>
<meta name="robots" content="index, follow, max-snippet:-1, max-image-preview:large, max-video-preview:-1" />
<link rel="canonical" href="https://oscarpascasio.com/oscar/oscar/" />
<meta property="og:locale" content="es_ES" />
<meta property="og:type" content="article" />
<meta property="og:title" content="Oscar - Oscar Pascasio" />
<meta property="og:description" content="[et_pb_section fb_built=»1&#8243; disabled_on=»off|off|off» _builder_version=»4.2.2&#8243; background_image=»http://oscarpascasio.com/oscar/wp-content/uploads/2017/01/PORTADA.jpg» parallax=»on» parallax_method=»off» min_height=»641px» custom_padding=»||6px|||»][et_pb_row column_structure=»1_2,1_2&#8243; _builder_version=»4.2.2&#8243; hover_enabled=»0&#8243;][et_pb_column type=»1_2&#8243; _builder_version=»4.2.2&#8243;][et_pb_text _builder_version=»4.2.2&#8243; text_font=»Trebuchet||||||||» text_text_color=»#ffffff» text_font_size=»20px» header_3_font=»Verdana||||||||» header_4_font=»Verdana||||||||» header_4_line_height=»1.3em» background_color=»#000000&#8243; width=»100%» custom_margin=»|-317px||||» hover_enabled=»0&#8243; border_radii=»on|18px|18px|18px|18px» border_width_all=»11px» border_color_all=»#212121&#8243; text_text_shadow_horizontal_length__hover_enabled=»on|desktop»]  Óscar Pascasio Monzón, profesor, pianista y compositor, terminó sus estudios de Grado Superior en 1998, en el Conservatorio Superior de Santiago de Compostela. En mayo de [&hellip;]" />
<meta property="og:url" content="https://oscarpascasio.com/oscar/oscar/" />
<meta property="og:site_name" content="Oscar Pascasio" />
<meta property="article:modified_time" content="2026-03-10T16:59:37+00:00" />
<meta name="twitter:card" content="summary_large_image" />
<meta name="twitter:label1" content="Tiempo de lectura" />
	<meta name="twitter:data1" content="3 minutos" />
<script type="application/ld+json" class="yoast-schema-graph">{"@context":"https://schema.org","@graph":[{"@type":"WebPage","@id":"https://oscarpascasio.com/oscar/oscar/","url":"https://oscarpascasio.com/oscar/oscar/","name":"Oscar - Oscar Pascasio","isPartOf":{"@id":"https://oscarpascasio.com/oscar/#website"},"datePublished":"2020-07-15T17:34:49+00:00","dateModified":"2026-03-10T16:59:37+00:00","breadcrumb":{"@id":"https://oscarpascasio.com/oscar/oscar/#breadcrumb"},"inLanguage":"es","potentialAction":[{"@type":"ReadAction","target":["https://oscarpascasio.com/oscar/oscar/"]}]},{"@type":"BreadcrumbList","@id":"https://oscarpascasio.com/oscar/oscar/#breadcrumb","itemListElement":[{"@type":"ListItem","position":1,"name":"Portada","item":"https://oscarpascasio.com/oscar/"},{"@type":"ListItem","position":2,"name":"Oscar"}]},{"@type":"WebSite","@id":"https://oscarpascasio.com/oscar/#website","url":"https://oscarpascasio.com/oscar/","name":"Oscar Pascasio","description":"","potentialAction":[{"@type":"SearchAction","target":{"@type":"EntryPoint","urlTemplate":"https://oscarpascasio.com/oscar/?s={search_term_string}"},"query-input":{"@type":"PropertyValueSpecification","valueRequired":true,"valueName":"search_term_string"}}],"inLanguage":"es"}]}</script>
<!-- / Yoast SEO plugin. -->

[et_pb_section fb_built=»1&#8243; disabled_on=»off|off|off» _builder_version=»4.2.2&#8243; background_image=»http://oscarpascasio.com/oscar/wp-content/uploads/2017/01/PORTADA.jpg» parallax=»on» parallax_method=»off» min_height=»641px» custom_padding=»||6px|||»][et_pb_row column_structure=»1_2,1_2&#8243; _builder_version=»4.2.2&#8243; hover_enabled=»0&#8243;][et_pb_column type=»1_2&#8243; _builder_version=»4.2.2&#8243;][et_pb_text _builder_version=»4.2.2&#8243; text_font=»Trebuchet||||||||» text_text_color=»#ffffff» text_font_size=»20px» header_3_font=»Verdana||||||||» header_4_font=»Verdana||||||||» header_4_line_height=»1.3em» background_color=»#000000&#8243; width=»100%» custom_margin=»|-317px||||» hover_enabled=»0&#8243; border_radii=»on|18px|18px|18px|18px» border_width_all=»11px» border_color_all=»#212121&#8243; text_text_shadow_horizontal_length__hover_enabled=»on|desktop»]  Óscar Pascasio Monzón, profesor, pianista y compositor, terminó sus estudios de Grado Superior en 1998, en el Conservatorio Superior de Santiago de Compostela. En mayo de [&hellip;]
